{"id":5314,"date":"2021-05-07T15:32:24","date_gmt":"2021-05-07T13:32:24","guid":{"rendered":"https:\/\/www.caffebristot.com\/pagina-di-esempio\/"},"modified":"2026-04-21T10:56:21","modified_gmt":"2026-04-21T08:56:21","slug":"pagina-di-esempio","status":"publish","type":"page","link":"https:\/\/www.caffebristot.com\/de\/","title":{"rendered":"Homepage"},"content":{"rendered":"","protected":false},"excerpt":{"rendered":"","protected":false},"author":26,"featured_media":27585,"parent":0,"menu_order":0,"comment_status":"closed","ping_status":"closed","template":"page-templates\/homepage.php","meta":{"_acf_changed":false,"footnotes":""},"class_list":["post-5314","page","type-page","status-publish","has-post-thumbnail","hentry"],"acf":[],"yoast_head":"<!-- This site is optimized with the Yoast SEO plugin v27.7 - https:\/\/yoast.com\/product\/yoast-seo-wordpress\/ -->\n<title>Caff\u00e9 Bristot: a Belluno dal 1919<\/title>\n<meta name=\"description\" content=\"Caff\u00e9 Bristot \u00e8 il caff\u00e8 tostato con passione da pi\u00f9 di 100 anni tra l&#039;aria pura delle Dolomiti . Scopri di pi\u00f9 sul sito.\" \/>\n<meta name=\"robots\" content=\"index, follow, max-snippet:-1, max-image-preview:large, max-video-preview:-1\" \/>\n<link rel=\"canonical\" href=\"https:\/\/www.caffebristot.com\/de\/\" \/>\n<meta property=\"og:locale\" content=\"de_DE\" \/>\n<meta property=\"og:type\" content=\"article\" \/>\n<meta property=\"og:title\" content=\"Caff\u00e9 Bristot: a Belluno dal 1919\" \/>\n<meta property=\"og:description\" content=\"Caff\u00e9 Bristot \u00e8 il caff\u00e8 tostato con passione da pi\u00f9 di 100 anni tra l&#039;aria pura delle Dolomiti . Scopri di pi\u00f9 sul sito.\" \/>\n<meta property=\"og:url\" content=\"https:\/\/www.caffebristot.com\/de\/\" \/>\n<meta property=\"og:site_name\" content=\"Caff\u00e8 Bristot\" \/>\n<meta property=\"article:publisher\" content=\"https:\/\/it-it.facebook.com\/pages\/category\/Local-Business\/Caff%c3%a8-Bristot-1645783322336332\/\" \/>\n<meta property=\"article:modified_time\" content=\"2026-04-21T08:56:21+00:00\" \/>\n<meta property=\"og:image\" content=\"https:\/\/www.caffebristot.com\/wp-content\/uploads\/2026\/04\/Logo-Bristot_Positivo_fondo_ambra.jpg\" \/>\n\t<meta property=\"og:image:width\" content=\"1889\" \/>\n\t<meta property=\"og:image:height\" content=\"1890\" \/>\n\t<meta property=\"og:image:type\" content=\"image\/jpeg\" \/>\n<meta name=\"twitter:card\" content=\"summary_large_image\" \/>\n<meta name=\"twitter:label1\" content=\"Gesch\u00e4tzte Lesezeit\" \/>\n\t<meta name=\"twitter:data1\" content=\"1\u00a0Minute\" \/>\n<script type=\"application\/ld+json\" class=\"yoast-schema-graph\">{\"@context\":\"https:\\\/\\\/schema.org\",\"@graph\":[{\"@type\":\"WebPage\",\"@id\":\"https:\\\/\\\/www.caffebristot.com\\\/de\\\/\",\"url\":\"https:\\\/\\\/www.caffebristot.com\\\/de\\\/\",\"name\":\"Caff\u00e9 Bristot: a Belluno dal 1919\",\"isPartOf\":{\"@id\":\"https:\\\/\\\/www.caffebristot.com\\\/de\\\/#website\"},\"primaryImageOfPage\":{\"@id\":\"https:\\\/\\\/www.caffebristot.com\\\/de\\\/#primaryimage\"},\"image\":{\"@id\":\"https:\\\/\\\/www.caffebristot.com\\\/de\\\/#primaryimage\"},\"thumbnailUrl\":\"https:\\\/\\\/www.caffebristot.com\\\/wp-content\\\/uploads\\\/2026\\\/04\\\/Logo-Bristot_Positivo_fondo_ambra.jpg\",\"datePublished\":\"2021-05-07T13:32:24+00:00\",\"dateModified\":\"2026-04-21T08:56:21+00:00\",\"description\":\"Caff\u00e9 Bristot \u00e8 il caff\u00e8 tostato con passione da pi\u00f9 di 100 anni tra l'aria pura delle Dolomiti . Scopri di pi\u00f9 sul sito.\",\"breadcrumb\":{\"@id\":\"https:\\\/\\\/www.caffebristot.com\\\/de\\\/#breadcrumb\"},\"inLanguage\":\"de\",\"potentialAction\":[{\"@type\":\"ReadAction\",\"target\":[\"https:\\\/\\\/www.caffebristot.com\\\/de\\\/\"]}]},{\"@type\":\"ImageObject\",\"inLanguage\":\"de\",\"@id\":\"https:\\\/\\\/www.caffebristot.com\\\/de\\\/#primaryimage\",\"url\":\"https:\\\/\\\/www.caffebristot.com\\\/wp-content\\\/uploads\\\/2026\\\/04\\\/Logo-Bristot_Positivo_fondo_ambra.jpg\",\"contentUrl\":\"https:\\\/\\\/www.caffebristot.com\\\/wp-content\\\/uploads\\\/2026\\\/04\\\/Logo-Bristot_Positivo_fondo_ambra.jpg\",\"width\":1889,\"height\":1890},{\"@type\":\"BreadcrumbList\",\"@id\":\"https:\\\/\\\/www.caffebristot.com\\\/de\\\/#breadcrumb\",\"itemListElement\":[{\"@type\":\"ListItem\",\"position\":1,\"name\":\"Home\",\"item\":\"https:\\\/\\\/www.caffebristot.com\\\/de\\\/\"},{\"@type\":\"ListItem\",\"position\":2,\"name\":\"Homepage\"}]},{\"@type\":\"WebSite\",\"@id\":\"https:\\\/\\\/www.caffebristot.com\\\/de\\\/#website\",\"url\":\"https:\\\/\\\/www.caffebristot.com\\\/de\\\/\",\"name\":\"Caff\u00e8 Bristot\",\"description\":\"\",\"publisher\":{\"@id\":\"https:\\\/\\\/www.caffebristot.com\\\/de\\\/#organization\"},\"potentialAction\":[{\"@type\":\"SearchAction\",\"target\":{\"@type\":\"EntryPoint\",\"urlTemplate\":\"https:\\\/\\\/www.caffebristot.com\\\/de\\\/?s={search_term_string}\"},\"query-input\":{\"@type\":\"PropertyValueSpecification\",\"valueRequired\":true,\"valueName\":\"search_term_string\"}}],\"inLanguage\":\"de\"},{\"@type\":\"Organization\",\"@id\":\"https:\\\/\\\/www.caffebristot.com\\\/de\\\/#organization\",\"name\":\"Caff\u00e8 Bristot\",\"url\":\"https:\\\/\\\/www.caffebristot.com\\\/de\\\/\",\"logo\":{\"@type\":\"ImageObject\",\"inLanguage\":\"de\",\"@id\":\"https:\\\/\\\/www.caffebristot.com\\\/de\\\/#\\\/schema\\\/logo\\\/image\\\/\",\"url\":\"https:\\\/\\\/www.caffebristot.com\\\/wp-content\\\/uploads\\\/2024\\\/04\\\/Logo-Bristot_Positivo_fondo_ambra.jpg\",\"contentUrl\":\"https:\\\/\\\/www.caffebristot.com\\\/wp-content\\\/uploads\\\/2024\\\/04\\\/Logo-Bristot_Positivo_fondo_ambra.jpg\",\"width\":454,\"height\":340,\"caption\":\"Caff\u00e8 Bristot\"},\"image\":{\"@id\":\"https:\\\/\\\/www.caffebristot.com\\\/de\\\/#\\\/schema\\\/logo\\\/image\\\/\"},\"sameAs\":[\"https:\\\/\\\/it-it.facebook.com\\\/pages\\\/category\\\/Local-Business\\\/Caff\u00e8-Bristot-1645783322336332\\\/\",\"https:\\\/\\\/www.instagram.com\\\/caffe_bristot\\\/\",\"https:\\\/\\\/www.linkedin.com\\\/company\\\/caff\u00e8-bristot-procaff\u00e8-s-p-a?trk=similar-pages_result-card_full-click\",\"https:\\\/\\\/www.youtube.com\\\/channel\\\/UC12aF0WztHlFq_Yu8DeaPLQ\"]}]}<\/script>\n<!-- \/ Yoast SEO plugin. -->","yoast_head_json":{"title":"Caff\u00e9 Bristot: a Belluno dal 1919","description":"Caff\u00e9 Bristot \u00e8 il caff\u00e8 tostato con passione da pi\u00f9 di 100 anni tra l'aria pura delle Dolomiti . Scopri di pi\u00f9 sul sito.","robots":{"index":"index","follow":"follow","max-snippet":"max-snippet:-1","max-image-preview":"max-image-preview:large","max-video-preview":"max-video-preview:-1"},"canonical":"https:\/\/www.caffebristot.com\/de\/","og_locale":"de_DE","og_type":"article","og_title":"Caff\u00e9 Bristot: a Belluno dal 1919","og_description":"Caff\u00e9 Bristot \u00e8 il caff\u00e8 tostato con passione da pi\u00f9 di 100 anni tra l'aria pura delle Dolomiti . Scopri di pi\u00f9 sul sito.","og_url":"https:\/\/www.caffebristot.com\/de\/","og_site_name":"Caff\u00e8 Bristot","article_publisher":"https:\/\/it-it.facebook.com\/pages\/category\/Local-Business\/Caff%c3%a8-Bristot-1645783322336332\/","article_modified_time":"2026-04-21T08:56:21+00:00","og_image":[{"width":1889,"height":1890,"url":"https:\/\/www.caffebristot.com\/wp-content\/uploads\/2026\/04\/Logo-Bristot_Positivo_fondo_ambra.jpg","type":"image\/jpeg"}],"twitter_card":"summary_large_image","twitter_misc":{"Gesch\u00e4tzte Lesezeit":"1\u00a0Minute"},"schema":{"@context":"https:\/\/schema.org","@graph":[{"@type":"WebPage","@id":"https:\/\/www.caffebristot.com\/de\/","url":"https:\/\/www.caffebristot.com\/de\/","name":"Caff\u00e9 Bristot: a Belluno dal 1919","isPartOf":{"@id":"https:\/\/www.caffebristot.com\/de\/#website"},"primaryImageOfPage":{"@id":"https:\/\/www.caffebristot.com\/de\/#primaryimage"},"image":{"@id":"https:\/\/www.caffebristot.com\/de\/#primaryimage"},"thumbnailUrl":"https:\/\/www.caffebristot.com\/wp-content\/uploads\/2026\/04\/Logo-Bristot_Positivo_fondo_ambra.jpg","datePublished":"2021-05-07T13:32:24+00:00","dateModified":"2026-04-21T08:56:21+00:00","description":"Caff\u00e9 Bristot \u00e8 il caff\u00e8 tostato con passione da pi\u00f9 di 100 anni tra l'aria pura delle Dolomiti . Scopri di pi\u00f9 sul sito.","breadcrumb":{"@id":"https:\/\/www.caffebristot.com\/de\/#breadcrumb"},"inLanguage":"de","potentialAction":[{"@type":"ReadAction","target":["https:\/\/www.caffebristot.com\/de\/"]}]},{"@type":"ImageObject","inLanguage":"de","@id":"https:\/\/www.caffebristot.com\/de\/#primaryimage","url":"https:\/\/www.caffebristot.com\/wp-content\/uploads\/2026\/04\/Logo-Bristot_Positivo_fondo_ambra.jpg","contentUrl":"https:\/\/www.caffebristot.com\/wp-content\/uploads\/2026\/04\/Logo-Bristot_Positivo_fondo_ambra.jpg","width":1889,"height":1890},{"@type":"BreadcrumbList","@id":"https:\/\/www.caffebristot.com\/de\/#breadcrumb","itemListElement":[{"@type":"ListItem","position":1,"name":"Home","item":"https:\/\/www.caffebristot.com\/de\/"},{"@type":"ListItem","position":2,"name":"Homepage"}]},{"@type":"WebSite","@id":"https:\/\/www.caffebristot.com\/de\/#website","url":"https:\/\/www.caffebristot.com\/de\/","name":"Caff\u00e8 Bristot","description":"","publisher":{"@id":"https:\/\/www.caffebristot.com\/de\/#organization"},"potentialAction":[{"@type":"SearchAction","target":{"@type":"EntryPoint","urlTemplate":"https:\/\/www.caffebristot.com\/de\/?s={search_term_string}"},"query-input":{"@type":"PropertyValueSpecification","valueRequired":true,"valueName":"search_term_string"}}],"inLanguage":"de"},{"@type":"Organization","@id":"https:\/\/www.caffebristot.com\/de\/#organization","name":"Caff\u00e8 Bristot","url":"https:\/\/www.caffebristot.com\/de\/","logo":{"@type":"ImageObject","inLanguage":"de","@id":"https:\/\/www.caffebristot.com\/de\/#\/schema\/logo\/image\/","url":"https:\/\/www.caffebristot.com\/wp-content\/uploads\/2024\/04\/Logo-Bristot_Positivo_fondo_ambra.jpg","contentUrl":"https:\/\/www.caffebristot.com\/wp-content\/uploads\/2024\/04\/Logo-Bristot_Positivo_fondo_ambra.jpg","width":454,"height":340,"caption":"Caff\u00e8 Bristot"},"image":{"@id":"https:\/\/www.caffebristot.com\/de\/#\/schema\/logo\/image\/"},"sameAs":["https:\/\/it-it.facebook.com\/pages\/category\/Local-Business\/Caff\u00e8-Bristot-1645783322336332\/","https:\/\/www.instagram.com\/caffe_bristot\/","https:\/\/www.linkedin.com\/company\/caff\u00e8-bristot-procaff\u00e8-s-p-a?trk=similar-pages_result-card_full-click","https:\/\/www.youtube.com\/channel\/UC12aF0WztHlFq_Yu8DeaPLQ"]}]}},"_links":{"self":[{"href":"https:\/\/www.caffebristot.com\/de\/wp-json\/wp\/v2\/pages\/5314","targetHints":{"allow":["GET"]}}],"collection":[{"href":"https:\/\/www.caffebristot.com\/de\/wp-json\/wp\/v2\/pages"}],"about":[{"href":"https:\/\/www.caffebristot.com\/de\/wp-json\/wp\/v2\/types\/page"}],"author":[{"embeddable":true,"href":"https:\/\/www.caffebristot.com\/de\/wp-json\/wp\/v2\/users\/26"}],"replies":[{"embeddable":true,"href":"https:\/\/www.caffebristot.com\/de\/wp-json\/wp\/v2\/comments?post=5314"}],"version-history":[{"count":1,"href":"https:\/\/www.caffebristot.com\/de\/wp-json\/wp\/v2\/pages\/5314\/revisions"}],"predecessor-version":[{"id":27583,"href":"https:\/\/www.caffebristot.com\/de\/wp-json\/wp\/v2\/pages\/5314\/revisions\/27583"}],"wp:featuredmedia":[{"embeddable":true,"href":"https:\/\/www.caffebristot.com\/de\/wp-json\/wp\/v2\/media\/27585"}],"wp:attachment":[{"href":"https:\/\/www.caffebristot.com\/de\/wp-json\/wp\/v2\/media?parent=5314"}],"curies":[{"name":"wp","href":"https:\/\/api.w.org\/{rel}","templated":true}]}}

<!-- This site is optimized with the Yoast SEO plugin v27.7 - https://yoast.com/product/yoast-seo-wordpress/ -->
<title>Caffé Bristot: a Belluno dal 1919</title>
<meta name="description" content="Caffé Bristot è il caffè tostato con passione da più di 100 anni tra l&#039;aria pura delle Dolomiti . Scopri di più sul sito." />
<meta name="robots" content="index, follow, max-snippet:-1, max-image-preview:large, max-video-preview:-1" />
<link rel="canonical" href="https://www.caffebristot.com/de/" />
<meta property="og:locale" content="de_DE" />
<meta property="og:type" content="article" />
<meta property="og:title" content="Caffé Bristot: a Belluno dal 1919" />
<meta property="og:description" content="Caffé Bristot è il caffè tostato con passione da più di 100 anni tra l&#039;aria pura delle Dolomiti . Scopri di più sul sito." />
<meta property="og:url" content="https://www.caffebristot.com/de/" />
<meta property="og:site_name" content="Caffè Bristot" />
<meta property="article:publisher" content="https://it-it.facebook.com/pages/category/Local-Business/Caff%c3%a8-Bristot-1645783322336332/" />
<meta property="article:modified_time" content="2026-04-21T08:56:21+00:00" />
<meta property="og:image" content="https://www.caffebristot.com/wp-content/uploads/2026/04/Logo-Bristot_Positivo_fondo_ambra.jpg" />
	<meta property="og:image:width" content="1889" />
	<meta property="og:image:height" content="1890" />
	<meta property="og:image:type" content="image/jpeg" />
<meta name="twitter:card" content="summary_large_image" />
<meta name="twitter:label1" content="Geschätzte Lesezeit" />
	<meta name="twitter:data1" content="1 Minute" />
<script type="application/ld+json" class="yoast-schema-graph">{"@context":"https:\/\/schema.org","@graph":[{"@type":"WebPage","@id":"https:\/\/www.caffebristot.com\/de\/","url":"https:\/\/www.caffebristot.com\/de\/","name":"Caffé Bristot: a Belluno dal 1919","isPartOf":{"@id":"https:\/\/www.caffebristot.com\/de\/#website"},"primaryImageOfPage":{"@id":"https:\/\/www.caffebristot.com\/de\/#primaryimage"},"image":{"@id":"https:\/\/www.caffebristot.com\/de\/#primaryimage"},"thumbnailUrl":"https:\/\/www.caffebristot.com\/wp-content\/uploads\/2026\/04\/Logo-Bristot_Positivo_fondo_ambra.jpg","datePublished":"2021-05-07T13:32:24+00:00","dateModified":"2026-04-21T08:56:21+00:00","description":"Caffé Bristot è il caffè tostato con passione da più di 100 anni tra l'aria pura delle Dolomiti . Scopri di più sul sito.","breadcrumb":{"@id":"https:\/\/www.caffebristot.com\/de\/#breadcrumb"},"inLanguage":"de","potentialAction":[{"@type":"ReadAction","target":["https:\/\/www.caffebristot.com\/de\/"]}]},{"@type":"ImageObject","inLanguage":"de","@id":"https:\/\/www.caffebristot.com\/de\/#primaryimage","url":"https:\/\/www.caffebristot.com\/wp-content\/uploads\/2026\/04\/Logo-Bristot_Positivo_fondo_ambra.jpg","contentUrl":"https:\/\/www.caffebristot.com\/wp-content\/uploads\/2026\/04\/Logo-Bristot_Positivo_fondo_ambra.jpg","width":1889,"height":1890},{"@type":"BreadcrumbList","@id":"https:\/\/www.caffebristot.com\/de\/#breadcrumb","itemListElement":[{"@type":"ListItem","position":1,"name":"Home","item":"https:\/\/www.caffebristot.com\/de\/"},{"@type":"ListItem","position":2,"name":"Homepage"}]},{"@type":"WebSite","@id":"https:\/\/www.caffebristot.com\/de\/#website","url":"https:\/\/www.caffebristot.com\/de\/","name":"Caffè Bristot","description":"","publisher":{"@id":"https:\/\/www.caffebristot.com\/de\/#organization"},"potentialAction":[{"@type":"SearchAction","target":{"@type":"EntryPoint","urlTemplate":"https:\/\/www.caffebristot.com\/de\/?s={search_term_string}"},"query-input":{"@type":"PropertyValueSpecification","valueRequired":true,"valueName":"search_term_string"}}],"inLanguage":"de"},{"@type":"Organization","@id":"https:\/\/www.caffebristot.com\/de\/#organization","name":"Caffè Bristot","url":"https:\/\/www.caffebristot.com\/de\/","logo":{"@type":"ImageObject","inLanguage":"de","@id":"https:\/\/www.caffebristot.com\/de\/#\/schema\/logo\/image\/","url":"https:\/\/www.caffebristot.com\/wp-content\/uploads\/2024\/04\/Logo-Bristot_Positivo_fondo_ambra.jpg","contentUrl":"https:\/\/www.caffebristot.com\/wp-content\/uploads\/2024\/04\/Logo-Bristot_Positivo_fondo_ambra.jpg","width":454,"height":340,"caption":"Caffè Bristot"},"image":{"@id":"https:\/\/www.caffebristot.com\/de\/#\/schema\/logo\/image\/"},"sameAs":["https:\/\/it-it.facebook.com\/pages\/category\/Local-Business\/Caffè-Bristot-1645783322336332\/","https:\/\/www.instagram.com\/caffe_bristot\/","https:\/\/www.linkedin.com\/company\/caffè-bristot-procaffè-s-p-a?trk=similar-pages_result-card_full-click","https:\/\/www.youtube.com\/channel\/UC12aF0WztHlFq_Yu8DeaPLQ"]}]}</script>
<!-- / Yoast SEO plugin. -->

Caffé Bristot: a Belluno dal 1919

Caffé Bristot è il caffè tostato con passione da più di 100 anni tra l'aria pura delle Dolomiti . Scopri di più sul sito.

Caffè Bristot

https://it-it.facebook.com/pages/category/Local-Business/Caffè-Bristot-1645783322336332/

https://www.linkedin.com/company/caffè-bristot-procaffè-s-p-a?trk=similar-pages_result-card_full-click
